late the remainder when 753 is divided by 21.
18
What is the remainder when 55 is divided by 47?
8
Calculate the remainder when 64 is divided by 34.
30
Calculate the remainder when 1063 is divided by 26.
23
What is the remainder when 1324 is divided by 102?
100
What is the remainder when 773 is divided by 5?
3
What is the remainder when 7987 is divided by 47?
44
Calculate the remainder when 179 is divided by 87.
5
What is the remainder when 142 is divided by 4?
2
Calculate the remainder when 1604 is divided by 30.
14
Calculate the remainder when 139 is divided by 29.
23
What is the remainder when 1109 is divided by 15?
14
What is the remainder when 176 is divided by 43?
4
Calculate the remainder when 784 is divided by 31.
9
What is the remainder when 282 is divided by 281?
1
What is the remainder when 187 is divided by 5?
2
Calculate the remainder when 226 is divided by 55.
6
Calculate the remainder when 1186 is divided by 200.
186
Calculate the remainder when 2047 is divided by 293.
289
What is the remainder when 2458 is divided by 60?
58
What is the remainder when 214 is divided by 73?
68
Calculate the remainder when 4944 is divided by 12.
0
Calculate the remainder when 8 is divided by 4.
0
Calculate the remainder when 1259 is divided by 42.
41
Calculate the remainder when 675 is divided by 118.
85
What is the remainder when 341 is divided by 63?
26
What is the remainder when 115 is divided by 109?
6
What is the remainder when 237 is divided by 54?
21
Calculate the remainder when 449 is divided by 433.
16
Calculate the remainder when 3636 is divided by 34.
32
What is the remainder when 429 is divided by 27?
24
Calculate the remainder when 186 is divided by 34.
16
What is the remainder when 2230 is divided by 111?
10
Calculate the remainder when 32 is divided by 6.
2
What is the remainder when 473 is divided by 60?
53
What is the remainder when 169 is divided by 32?
9
Calculate the remainder when 298 is divided by 17.
9
Calculate the remainder when 172 is divided by 138.
34
What is the remainder when 496 is divided by 212?
72
What is the remainder when 144 is divided by 117?
27
Calculate the remainder when 431 is divided by 19.
13
Calculate the remainder when 217 is divided by 12.
1
What is the remainder when 260 is divided by 254?
6
Calculate the remainder when 3008 is divided by 14.
12
What is the remainder when 16993 is divided by 5664?
1
Calculate the remainder when 211 is divided by 107.
104
Calculate the remainder when 310 is divided by 9.
4
Calculate the remainder when 621 is divided by 156.
153
What is the remainder when 278 is divided by 70?
68
Calculate the remainder when 19336 is divided by 61.
60
Calculate the remainder when 1290 is divided by 34.
32
What is the remainder when 225 is divided by 48?
33
What is the remainder when 842 is divided by 61?
49
What is the remainder when 1009 is divided by 147?
127
What is the remainder when 420 is divided by 25?
20
What is the remainder when 95 is divided by 24?
23
What is the remainder when 375 is divided by 66?
45
Calculate the remainder when 26 is divided by 1.
0
Calculate the remainder when 1022 is divided by 212.
174
What is the remainder when 335 is divided by 23?
13
Calculate the remainder when 712 is divided by 47.
7
Calculate the remainder when 109 is divided by 31.
16
Calculate the remainder when 228 is divided by 44.
8
Calculate the remainder when 452 is divided by 137.
41
Calculate the remainder when 62 is divided by 40.
22
Calculate the remainder when 82 is divided by 16.
2
What is the remainder when 8063 is divided by 36?
35
What is the remainder when 230 is divided by 77?
76
Calculate the remainder when 1503 is divided by 120.
63
Calculate the remainder when 8537 is divided by 52.
9
What is the remainder when 86 is divided by 11?
9
What is the remainder when 32 is divided by 10?
2
Calculate the remainder when 27 is divided by 5.
2
Calculate the remainder when 93 is divided by 27.
12
Calculate the remainder when 5146 is divided by 2565.
16
What is the remainder when 64 is divided by 17?
13
What is the remainder when 1924 is divided by 41?
38
Calculate the remainder when 1447 is divided by 8.
7
Calculate the remainder when 570 is divided by 25.
20
What is the remainder when 431 is divided by 62?
59
What is the remainder when 44 is divided by 6?
2
Calculate the remainder when 410 is divided by 62.
38
Calculate the remainder when 6465 is divided by 147.
144
Calculate the remainder when 981 is divided by 123.
120
Calculate the remainder when 68799 is divided by 16.
15
What is the remainder when 92 is divided by 50?
42
Calculate the remainder when 425 is divided by 6.
5
Calculate the remainder when 215 is divided by 18.
17
What is the remainder when 3243 is divided by 3243?
0
What is the remainder when 24 is divided by 8?
0
Calculate the remainder when 32 is divided by 8.
0
What is the remainder when 1108 is divided by 153?
37
What is the remainder when 1376 is divided by 15?
11
Calculate the remainder when 5580 is divided by 619.
9
What is the remainder when 581 is divided by 129?
65
What is the remainder when 168 is divided by 10?
8
Calculate the remainder when 681 is divided by 11.
10
Calculate the remainder when 165 is divided by 43.
36
What is the remainder when 197 is divided by 58?
23
Calculate the remainder when 77 is divided by 39.
38
Calculate the remainder when 1297 is divided by 161.
9
What is the remainder when 364 is divided by 74?
68
Calculate the remainder when 1105 is divided by 27.
25
What is the remainder when 830 is divided by 41?
10
Calculate the remainder when 1699 is divided by 247.
217
Calculate the remainder when 64 is divided by 19.
7
What is the remainder when 320 is divided by 66?
56
What is the remainder when 5996 is divided by 100?
96
Calculate the remainder when 725 is divided by 81.
77
What is the remainder when 176 is divided by 45?
41
Calculate the remainder when 323 is divided by 22.
15
Calculate the remainder when 845 is divided by 8.
5
Calculate the remainder when 1081 is divided by 284.
229
Calculate the remainder when 95 is divided by 24.
23
What is the remainder when 3894 is divided by 229?
1
Calculate the remainder when 87 is divided by 34.
19
Calculate the remainder when 198 is divided by 25.
23
Calculate the remainder when 1063 is divided by 21.
13
What is the remainder when 159 is divided by 51?
6
Calculate the remainder when 5348 is divided by 54.
2
Calculate the remainder when 280 is divided by 42.
28
Calculate the remainder when 2112 is divided by 7.
5
Calculate the remainder when 221 is divided by 81.
59
What is the remainder when 193 is divided by 103?
90
What is the remainder when 2217 is divided by 89?
81
What is the remainder when 180 is divided by 46?
42
Calculate the remainder when 174 is divided by 63.
48
What is the remainder when 570 is divided by 93?
12
Calculate the remainder when 4131 is divided by 4116.
15
Calculate the remainder when 222 is divided by 14.
12
What is the remainder when 898 is divided by 40?
18
Calculate the remainder when 1447 is divided by 101.
33
Calculate the remainder when 214 is divided by 55.
49
Calculate the remainder when 334 is divided by 67.
66
What is the remainder when 122 is divided by 43?
36
What is the remainder when 568 is divided by 283?
2
What is the remainder when 734 is divided by 32?
30
What is the remainder when 770 is divided by 86?
82
Calculate the remainder when 215 is divided by 102.
11
Calculate the remainder when 1076 is divided by 18.
14
What is the remainder when 128 is divided by 52?
24
Calculate the remainder when 13205 is divided by 127.
124
Calculate the remainder when 263 is divided by 45.
38
Calculate the remainder when 316 is divided by 55.
41
What is the remainder when 275 is divided by 93?
89
Calculate the remainder when 537 is divided by 6.
3
What is the remainder when 730 is divided by 143?
15
Calculate the remainder when 217 is divided by 199.
18
Calculate the remainder when 74 is divided by 11.
8
Calculate the remainder when 57 is divided by 21.
15
What is the remainder when 564 is divided by 65?
44
Calculate the remainder when 789 is divided by 8.
5
What is the remainder when 61 is divided by 54?
7
What is the remainder when 761 is divided by 29?
7
What i